tive of a**6/60 - a**5/20 + a**4/24 + a**3/6 - 5*a**2. Give w(2).
7
Let l(t) = t + 1. Suppose -2*i + 21 = -m - 1, -3*m = 2*i - 30. Suppose 0 = -0*g + 4*g + i. What is l(g)?
-2
Suppose -s - 5 = -4. Let g(p) be the third derivative of p**5/60 + p**4/24 - p**2. Calculate g(s).
0
Suppose -5*i = 3*d - 54, 4*i - 80 = -5*d - i. Suppose f - 5 - 5 = -5*h, 5*f = -2*h - 19. Let b(a) = -a**2 + 10 + 0*a - 4*a - d - a**h. Give b(-2).
9
Suppose -2*k - 1 = -7. Suppose 3*i = a + 1 - 0, -2*i - k*a - 3 = 0. Let z(c) = 27 + 0*c**3 - c**2 - c**3 - 26. Determine z(i).
1
Let h(s) = -2*s**2 + 3*s + 3. Let g(y) = y**2 - 2*y - 1. Let m(v) = -9*g(v) - 4*h(v). Let z be m(4). Let i(l) = 7 + 0*l**2 + l**2 - z*l + 0*l. Give i(5).
7
Let v(f) = -3*f**3 - 2*f**2 + 2*f - 1. Let u = 13 + -8. Suppose 8 = 2*p + p - u*l, 2*l + 2 = 0. What is v(p)?
-4
Suppose -11*p + 3*p = -8. Let j(f) = -5*f**2 - 2*f + 1. Determine j(p).
-6
Let i = 2 + 6. Suppose i = -0*j + 2*j. Suppose -j*x + 16 = -0*x. Let g(b) = -b**2 + 6*b - 6. Calculate g(x).
2
Let p(n) = n**2 - n + 4. Suppose 0 = 5*b - 3*b - 10*b. Determine p(b).
4
Let q(j) = -j**2 - j. Let h(d) = -d**2 + 7*d - 3. Let a be h(7). Let l be 0/a + -3 + 2. Give q(l).
0
Let t(n) = -n + 4. Let i(u) = -2*u**2 + 5*u + 10. Let l(k) = -k**2 + 3*k + 5. Let j(s) = 3*i(s) - 5*l(s). Let a(o) = -2*j(o) + 3*t(o). What is a(3)?
11
Let h = -4 + 1. Let u(m) be the second derivative of 17*m**3/6 - 13*m**2/2 - 3*m. Let k(w) = -8*w + 6. Let d(n) = 13*k(n) + 6*u(n). Calculate d(h).
6
Let y(a) = -a**2 - 2*a**2 + 2*a**2 - 3 + 5*a. Suppose -4*d + 59 = -13. Let l = d + -13. Calculate y(l).
-3
Let l(o) = o**2 - 4*o - 5. Let j be l(6). Suppose -3*x + j*x = -4. Let k(h) = 7*h - 1. Give k(x).
-8
Let l(v) = -4 + 3*v - 3*v + v. Let y = 2 - 1. Let p be (-2)/(((-2)/(-4))/y). What is l(p)?
-8
Let i(p) = -4*p**2 - 5 + 5. What is i(1)?
-4
Let b(r) be the second derivative of -r**4/12 + r**3/6 - 4*r. Give b(2).
-2
Let n(q) = -q**2 - 3*q + 3. Let g(h) = h - 9. Suppose 2*l + 3*l = 20. Let x be g(l). Let o be (-5)/25 - (-19)/x. What is n(o)?
-1
Let f(w) = 10*w + 22. Let m(h) = -7*h - 15. Suppose -7*v = -5*v - 10. Let l(p) = v*f(p) + 7*m(p). Calculate l(-6).
-1
Let g(i) = 4*i. Let f be g(-1). Let w(u) = 3*u**3 + 3*u**2 + 6*u - 2. Let z(y) = -y**3 + y**2 + 1. Let h(j) = w(j) + 2*z(j). Calculate h(f).
-8
Let x(r) = -r**3 + 1. Let b = -1 + -4. Let w = -3 - b. Give x(w).
-7
Let u(j) = -j**3 - 4*j**2 + 3. Suppose 5*o + 18 = t, 4*t + 0 - 6 = -2*o. Calculate u(o).
-6
Let r(a) = 9*a**2 + 7*a - 11. Let f(g) = -7*g**2 - 8*g + 10. Let k(d) = 4*f(d) + 3*r(d). Determine k(-11).
7
Let w(t) be the second derivative of -t**4/12 - t**3/6 - t**2 - 5*t. Give w(0).
-2
Let c(o) be the first derivative of 2*o**2 + o - 3. Suppose 3*g + 14 + 10 = 0. Let t = 5 + g. Give c(t).
-11
Let v(u) = u + 6. Let d be v(-6). Let z(p) = -p**3 - 26 + 8 + 3 + 11. Calculate z(d).
-4
Let i(k) = k**3 + 6*k**2 + 7*k. Suppose -3*c = -5*c - 10. Determine i(c).
-10
Let w(s) = -6*s**3 - 2*s**2 + 1. Let j be w(-1). Let q(x) = 4*x - 2*x - 3*x. Let a(p) = p**2 - 2*p - 6. Let v(m) = -a(m) - q(m). Calculate v(j).
-4
Let k(x) = -8*x. Suppose -t + 2*q = 8, -t = -5*q + 2*q + 13. Give k(t).
-16
Let x(n) = -n**3 - 5*n**2 + 5*n - 1. Let r be x(-6). Let q(d) = -1 + d**3 - 6*d**2 + 44*d - 42*d + 7. Determine q(r).
-9
Suppose j + j - 10 = 0. Let w = 7 - j. Suppose 2*d + 12 = -w*c, -3*c = -6*c + d - 6. Let f(a) = -2*a**2 - 3*a + 4. Give f(c).
-5
Let w(d) be the second derivative of 5*d + 0 - 1/20*d**5 + 2*d**2 - 5/6*d**3 + 5/12*d**4. Let h be (-4 + 6)/((-2)/(-4)). Determine w(h).
0
Let l = -4 - 0. Let z be (1/(-1))/((-2)/4). Let j(a) = 11*a - 3 - 5*a - 1 + a**z + 3. Determine j(l).
-9
Suppose -3*y = -2*y + 4*c - 13, 5*y = c - 19. Let m = 1 - y. Let u(t) = -3 + 2 + 2*t + m. Determine u(-4).
-5
Let y(b) = -2*b**2 - 2*b. Let x be y(-2). Let i(v) = -14*v - 9. Let s(u) = -5*u - 3. Let m(g) = x*i(g) + 11*s(g). Let h be m(-6). Let k(d) = d. Determine k(h).
-3
Let q(g) be the second derivative of g**4/12 + 5*g**3/6 + g**2 - g. Give q(-3).
-4
Let i(j) be the first derivative of -j**2 + 3*j - 2. Let s be 7/1 - 1 - 4. Determine i(s).
-1
Let i be (2 + 28)*(-4)/(-2). Let x be (4/(-5))/(8/i). Let l(j) = -j**2 - 6*j - 5. Let z be l(x). Let a(b) = b + 6. Determine a(z).
1
Let u(p) = -2*p**2 - 3*p - 1. Let n(f) = -f**2 - 4*f - 2. Let w(z) = -2*n(z) + 3*u(z). Let h be -1*-1*(1 - 0). Let o be 6/5 - h/5. Calculate w(o).
-4
Let y(s) = 3*s**3 + 29*s**2 + 19*s + 32. Let x = -21 - -18. Let r(c) = c**3 + 10*c**2 + 6*c + 11. Let h(n) = x*y(n) + 8*r(n). Give h(-6).
10
Let b(m) = -m**3 - 2*m**2 + 2*m + 2. Let n = -4 + 8. Let z = 39 + -25. Let h be 12/(-7) - n/z. What is b(h)?
-2
Let p(n) be the first derivative of -n**5/60 + n**4/12 + n**3/6 - 3*n**2 + 2. Let g(d) be the second derivative of p(d). Give g(-1).
-2
Let q(o) be the first derivative of o**2/2 + 8*o - 11. Calculate q(-6).
2
Suppose 4*x - 17 = -3*f, -2*x = x - 3*f - 18. Let l = -5 + x. Let o(s) be the second derivative of -s**5/20 - s**2 - s. Give o(l).
-2
Suppose -3*c - 3*t = -7*t + 14, 3*t - 9 = 3*c. Let y(b) = -10*b**c - 2*b - 3*b + 9*b**2. Give y(-4).
4
Let z(f) be the second derivative of f**4/12 - f**3 + 3*f**2 - 40*f. Give z(4).
-2
Let z(l) be the second derivative of l**5/20 + l**4/12 + l**3/3 + 3*l**2/2 - 4*l. Suppose -5*b + 33 = 43. What is z(b)?
-5
Let u(s) = 16 + 4*s - 7 - 3*s. Give u(-7).
2
Suppose 0 = q - 0*q + 1, -2*q = -2*n + 8. Suppose 5 + 1 = n*c. Let u(y) = -y**c - 9*y**3 + y + 2 - 5 + 8*y**3. Determine u(0).
-3
Let v(n) = n**3 + 8*n**2 + 5*n - 5. Let q be v(-7). Let w(c) = 0*c - q + 0*c + c. Give w(4).
-5
Let w(s) = -7*s + 0 + 8*s**2 + 1 + 4 - s**3. Suppose -2*g + 4 = 0, -g - 23 = -3*p - 2*g. What is w(p)?
5
Let o(l) = -2*l - 20 - 17 + 36 + 4*l. Calculate o(-3).
-7
Let p(k) = 31*k + 2. Let f be p(3). Suppose -f = -5*o + 5*h, h + 62 = 3*o + 3. Let s be 54/(-10) + 8/o. Let c(w) = w - 1. Determine c(s).
-6
Let f(a) = a - 2. Let o = -6 - -9. Let j be f(o). Let w(s) = -s**2 - 2 + 2*s**2 + j. Determine w(-1).
0
Let k(q) = 6*q - 5 - 7*q**2 + 2*q**2 + 6*q**2. Give k(-5).
-10
Let f(r) = r**3 + 1 + 9*r - 2*r - 2 + 0*r - 6*r**2. Let q = 16 + -11. Determine f(q).
9
Let a(f) be the second derivative of f**3/6 + 9*f**2/2 + 6*f. Determine a(-6).
3
Suppose -3*s - 2*s = 4*n + 11, -7 = 4*s + 5*n. Let q(k) = k**3 + 3*k**2 + k + 3. Give q(s).
0
Let d(c) be the third derivative of 0 - 2*c**2 + 0*c + 1/6*c**3 + 7/24*c**4. Calculate d(-1).
-6
Suppose -3 = -2*v + v. Let m(n) = -10*n**v + 4*n**2 + 11*n**3 + 2*n + 3 + n. What is m(-3)?
3
Let s = 0 + 5. Let b(h) = -3 + h**3 - h + 2*h - 2 - 5*h**2 - 1. Determine b(s).
-1
Let u(l) be the first derivative of 2*l**2 - 5*l - 26. Determine u(4).
11
Let t(g) = 7*g - g - 5 - 2 - 5*g. Let u be t(10). Let x(f) = f + 5 - 1 - 5*f. Give x(u).
-8
Let b(f) = f**2 + 5*f - 20. Let p be b(-7). Let g(n) = n**2 + 8*n + 6. Determine g(p).
-6
Suppose -3*n - h + 9 = 0, -3*h + 12 = h. Let d(k) be the first derivative of n*k - 1/2*k**2 - 1. Calculate d(0).
2
Let m(z) = -2*z + 12. Let l be m(5). Let s(y) be the third derivative of 0 + y**l + 1/12*y**4 - 7/6*y**3 + 0*y. Determine s(5).
3
Let g = 8 - 8. Let n = -6 + g. Let m(h) = h. Give m(n).
-6
Suppose 0 = 4*g - g - 6. Let j(k) = 3*k**2 + 4*k + g*k - 4*k**2 + 5. Let p be j(6). Let y(c) = c**2 - 7*c + 7. Give y(p).
-3
Let w(y) = -y**3 + 3*y**2 + y + 2. Let r(d) = -d**2 + 7*d - 10. Let u be r(3). Give w(u).
8
Let q(m) be the second derivative of m**5/20 + 5*m**4/12 - m**3 - 2*m**2 + m. Suppose 3*y = -15, -2*d + 5*y + 7 = d. Determine q(d).
-4
Let g(d) = -2*d - 6. Let y(h) = 1. Let x(p) = g(p) + 2*y(p). Suppose 4*s + 6 + 16 = 2*t, -2*t = s + 3. Calculate x(s).
6
Let z(t) = -t**3 - 7*t**2 - 5*t + 1. Let w be (3 + 0)/((-18)/(-30)). Suppose w*a = 4*q + 9, 0 = 2*q + 2*a + a + 21. Determine z(q).
-5
Suppose 0 = -0*k + k + 5*b - 6, -2*k + 3 = b. Let t be (-4 - -6)*k/1. Let o(g) = 0*g - 3 - 3*g + t*g + 1. Calculate o(2).
-4
Let o = 2 - -3. Let y(j) = -4*j + 3*j + 4*j**3 - o*j**3 + 0*j**3 + 3 - 4*j**2. Determine y(-3).
-3
Let g(l) be the third derivative of l**5/60 + l**4/12 + 5*l**3/6 - 3*l**2. Let f(p) = -p**2 - 3*p - 4. Let y(m) = 3*f(m) + 2*g(m). What is y(-3)?
4
Suppose -10*g + 4 = -12*g. Let l(x) = -11*x**2 - 2*x + 5. Let m(b) = 17*b**2 + 3*b - 8.